{"id":164,"date":"2025-10-08T08:54:49","date_gmt":"2025-10-08T08:54:49","guid":{"rendered":"https:\/\/www.vm99.fi\/?page_id=164"},"modified":"2025-10-08T09:22:23","modified_gmt":"2025-10-08T09:22:23","slug":"sertifikaatit","status":"publish","type":"page","link":"https:\/\/www.vm99.fi\/index.php\/sertifikaatit\/","title":{"rendered":"Sertifikaatit"},"content":{"rendered":"\t\t<div data-elementor-type=\"wp-page\" data-elementor-id=\"164\" class=\"elementor elementor-164\">\n\t\t\t\t<div class=\"elementor-element elementor-element-9296e96 e-flex e-con-boxed e-con e-parent\" data-id=\"9296e96\" data-element_type=\"container\" data-e-type=\"container\">\n\t\t\t\t\t<div class=\"e-con-inner\">\n\t\t<div class=\"elementor-element elementor-element-8eed810 e-con-full e-flex e-con e-child\" data-id=\"8eed810\" data-element_type=\"container\" data-e-type=\"container\">\n\t\t\t\t<\/div>\n\t\t<div class=\"elementor-element elementor-element-62bb98f e-con-full e-flex e-con e-child\" data-id=\"62bb98f\" data-element_type=\"container\" data-e-type=\"container\">\n\t\t\t\t<\/div>\n\t\t\t\t\t<\/div>\n\t\t\t\t<\/div>\n\t\t<div class=\"elementor-element elementor-element-30b79dd e-flex e-con-boxed e-con e-parent\" data-id=\"30b79dd\" data-element_type=\"container\" data-e-type=\"container\">\n\t\t\t\t\t<div class=\"e-con-inner\">\n\t\t<div class=\"elementor-element elementor-element-d9f8538 e-con-full e-flex e-con e-child\" data-id=\"d9f8538\" data-element_type=\"container\" data-e-type=\"container\">\n\t\t\t\t<div class=\"elementor-element elementor-element-6516b91 elementor-widget elementor-widget-menu-anchor\" data-id=\"6516b91\" data-element_type=\"widget\" data-e-type=\"widget\" data-widget_type=\"menu-anchor.default\">\n\t\t\t\t\t\t\t<div class=\"elementor-menu-anchor\" id=\"tietoatuotteesta\"><\/div>\n\t\t\t\t\t\t<\/div>\n\t\t\t\t<div class=\"elementor-element elementor-element-0e095d8 elementor-widget elementor-widget-image\" data-id=\"0e095d8\" data-element_type=\"widget\" data-e-type=\"widget\" data-widget_type=\"image.default\">\n\t\t\t\t\t\t\t\t\t\t\t\t\t\t\t<img fetchpriority=\"high\" decoding=\"async\" width=\"549\" height=\"367\" src=\"https:\/\/www.vm99.fi\/wp-content\/uploads\/2025\/10\/Logo-1.png\" class=\"attachment-large size-large wp-image-160\" alt=\"\" srcset=\"https:\/\/www.vm99.fi\/wp-content\/uploads\/2025\/10\/Logo-1.png 549w, https:\/\/www.vm99.fi\/wp-content\/uploads\/2025\/10\/Logo-1-300x201.png 300w\" sizes=\"(max-width: 549px) 100vw, 549px\" \/>\t\t\t\t\t\t\t\t\t\t\t\t\t\t\t<\/div>\n\t\t\t\t<div class=\"elementor-element elementor-element-7d89df8 elementor-widget elementor-widget-heading\" data-id=\"7d89df8\" data-element_type=\"widget\" data-e-type=\"widget\" data-widget_type=\"heading.default\">\n\t\t\t\t\t<h3 class=\"elementor-heading-title elementor-size-default\">EU<\/h3>\t\t\t\t<\/div>\n\t\t\t\t<div class=\"elementor-element elementor-element-d32d804 elementor-widget elementor-widget-text-editor\" data-id=\"d32d804\" data-element_type=\"widget\" data-e-type=\"widget\" data-widget_type=\"text-editor.default\">\n\t\t\t\t\t\t\t\t\t<p>Tiivistelm\u00e4 EGTOP:sta:<br \/>Luetellut aineet on hyv\u00e4ksytty luonnonmukaiseen tuotantoon EU:ssa. Ryhm\u00e4n (luonnonmukaista tuotantoa koskevien teknisten neuvojen asiantuntijaryhm\u00e4) lausunnossa vallitsee laaja yksimielisyys siit\u00e4, ett\u00e4 n\u00e4m\u00e4 aineet ovat luonnonmukaisen tuotannon tavoitteiden ja periaatteiden mukaisia.<\/p>\t\t\t\t\t\t\t\t<\/div>\n\t\t\t\t<\/div>\n\t\t\t\t\t<\/div>\n\t\t\t\t<\/div>\n\t\t<div class=\"elementor-element elementor-element-a25686b e-flex e-con-boxed e-con e-parent\" data-id=\"a25686b\" data-element_type=\"container\" data-e-type=\"container\">\n\t\t\t\t\t<div class=\"e-con-inner\">\n\t\t<div class=\"elementor-element elementor-element-929244f e-con-full e-flex e-con e-child\" data-id=\"929244f\" data-element_type=\"container\" data-e-type=\"container\">\n\t\t\t\t<div class=\"elementor-element elementor-element-30b7ee0 elementor-widget elementor-widget-menu-anchor\" data-id=\"30b7ee0\" data-element_type=\"widget\" data-e-type=\"widget\" data-widget_type=\"menu-anchor.default\">\n\t\t\t\t\t\t\t<div class=\"elementor-menu-anchor\" id=\"tietoatuotteesta\"><\/div>\n\t\t\t\t\t\t<\/div>\n\t\t\t\t<div class=\"elementor-element elementor-element-12f7136 elementor-widget elementor-widget-image\" data-id=\"12f7136\" data-element_type=\"widget\" data-e-type=\"widget\" data-widget_type=\"image.default\">\n\t\t\t\t\t\t\t\t\t\t\t\t\t\t\t<img decoding=\"async\" width=\"413\" height=\"392\" src=\"https:\/\/www.vm99.fi\/wp-content\/uploads\/2025\/10\/Logo-2.png\" class=\"attachment-large size-large wp-image-161\" alt=\"\" srcset=\"https:\/\/www.vm99.fi\/wp-content\/uploads\/2025\/10\/Logo-2.png 413w, https:\/\/www.vm99.fi\/wp-content\/uploads\/2025\/10\/Logo-2-300x285.png 300w\" sizes=\"(max-width: 413px) 100vw, 413px\" \/>\t\t\t\t\t\t\t\t\t\t\t\t\t\t\t<\/div>\n\t\t\t\t<div class=\"elementor-element elementor-element-c1fdc3c elementor-widget elementor-widget-heading\" data-id=\"c1fdc3c\" data-element_type=\"widget\" data-e-type=\"widget\" data-widget_type=\"heading.default\">\n\t\t\t\t\t<h3 class=\"elementor-heading-title elementor-size-default\">USA<\/h3>\t\t\t\t<\/div>\n\t\t\t\t<div class=\"elementor-element elementor-element-986a429 elementor-widget elementor-widget-text-editor\" data-id=\"986a429\" data-element_type=\"widget\" data-e-type=\"widget\" data-widget_type=\"text-editor.default\">\n\t\t\t\t\t\t\t\t\t<p>T\u00e4m\u00e4 muistio p\u00e4ivitt\u00e4\u00e4 elektrolysoidun veden tilan Yhdysvaltain maatalousministeri\u00f6n (USDA) orgaanisten s\u00e4\u00e4d\u00f6sten mukaisesti 7 CFR Part 205:ss\u00e4. Muistiossa selvennet\u00e4\u00e4n, ett\u00e4 elektrolysoitu vesi on er\u00e4\u00e4nlainen kloorimateriaali, joka on sallittu luonnonmukaisessa tuotannossa ja k\u00e4sittelyss\u00e4.<\/p>\t\t\t\t\t\t\t\t<\/div>\n\t\t\t\t<\/div>\n\t\t\t\t\t<\/div>\n\t\t\t\t<\/div>\n\t\t<div class=\"elementor-element elementor-element-f8d61f2 e-flex e-con-boxed e-con e-parent\" data-id=\"f8d61f2\" data-element_type=\"container\" data-e-type=\"container\">\n\t\t\t\t\t<div class=\"e-con-inner\">\n\t\t<div class=\"elementor-element elementor-element-0f6fdba e-con-full e-flex e-con e-child\" data-id=\"0f6fdba\" data-element_type=\"container\" data-e-type=\"container\">\n\t\t\t\t<div class=\"elementor-element elementor-element-2749cba elementor-widget elementor-widget-menu-anchor\" data-id=\"2749cba\" data-element_type=\"widget\" data-e-type=\"widget\" data-widget_type=\"menu-anchor.default\">\n\t\t\t\t\t\t\t<div class=\"elementor-menu-anchor\" id=\"tietoatuotteesta\"><\/div>\n\t\t\t\t\t\t<\/div>\n\t\t\t\t<div class=\"elementor-element elementor-element-392a402 elementor-widget elementor-widget-image\" data-id=\"392a402\" data-element_type=\"widget\" data-e-type=\"widget\" data-widget_type=\"image.default\">\n\t\t\t\t\t\t\t\t\t\t\t\t\t\t\t<img decoding=\"async\" width=\"477\" height=\"448\" src=\"https:\/\/www.vm99.fi\/wp-content\/uploads\/2025\/10\/Logo-3.png\" class=\"attachment-large size-large wp-image-162\" alt=\"\" srcset=\"https:\/\/www.vm99.fi\/wp-content\/uploads\/2025\/10\/Logo-3.png 477w, https:\/\/www.vm99.fi\/wp-content\/uploads\/2025\/10\/Logo-3-300x282.png 300w\" sizes=\"(max-width: 477px) 100vw, 477px\" \/>\t\t\t\t\t\t\t\t\t\t\t\t\t\t\t<\/div>\n\t\t\t\t<div class=\"elementor-element elementor-element-ae36936 elementor-widget elementor-widget-heading\" data-id=\"ae36936\" data-element_type=\"widget\" data-e-type=\"widget\" data-widget_type=\"heading.default\">\n\t\t\t\t\t<h3 class=\"elementor-heading-title elementor-size-default\">Kanada<\/h3>\t\t\t\t<\/div>\n\t\t\t\t<div class=\"elementor-element elementor-element-cfdb20b elementor-widget elementor-widget-text-editor\" data-id=\"cfdb20b\" data-element_type=\"widget\" data-e-type=\"widget\" data-widget_type=\"text-editor.default\">\n\t\t\t\t\t\t\t\t\t<p>Elektrolysoitu vesi (joka voi sis\u00e4lt\u00e4\u00e4 hypokloorihappoa joko elektrolyysin tai klooriyhdisteiden veteen liukenemisen sivutuotteena) on sallittu.<\/p>\t\t\t\t\t\t\t\t<\/div>\n\t\t\t\t<\/div>\n\t\t\t\t\t<\/div>\n\t\t\t\t<\/div>\n\t\t<div class=\"elementor-element elementor-element-8d4987e e-flex e-con-boxed e-con e-parent\" data-id=\"8d4987e\" data-element_type=\"container\" data-e-type=\"container\">\n\t\t\t\t\t<div class=\"e-con-inner\">\n\t\t<div class=\"elementor-element elementor-element-5e92852 e-con-full e-flex e-con e-child\" data-id=\"5e92852\" data-element_type=\"container\" data-e-type=\"container\">\n\t\t\t\t<div class=\"elementor-element elementor-element-e569666 elementor-widget elementor-widget-menu-anchor\" data-id=\"e569666\" data-element_type=\"widget\" data-e-type=\"widget\" data-widget_type=\"menu-anchor.default\">\n\t\t\t\t\t\t\t<div class=\"elementor-menu-anchor\" id=\"tietoatuotteesta\"><\/div>\n\t\t\t\t\t\t<\/div>\n\t\t\t\t<div class=\"elementor-element elementor-element-5db8b1c elementor-widget elementor-widget-image\" data-id=\"5db8b1c\" data-element_type=\"widget\" data-e-type=\"widget\" data-widget_type=\"image.default\">\n\t\t\t\t\t\t\t\t\t\t\t\t\t\t\t<img loading=\"lazy\" decoding=\"async\" width=\"427\" height=\"496\" src=\"https:\/\/www.vm99.fi\/wp-content\/uploads\/2025\/10\/Logo-4.png\" class=\"attachment-large size-large wp-image-163\" alt=\"\" srcset=\"https:\/\/www.vm99.fi\/wp-content\/uploads\/2025\/10\/Logo-4.png 427w, https:\/\/www.vm99.fi\/wp-content\/uploads\/2025\/10\/Logo-4-258x300.png 258w\" sizes=\"(max-width: 427px) 100vw, 427px\" \/>\t\t\t\t\t\t\t\t\t\t\t\t\t\t\t<\/div>\n\t\t\t\t<div class=\"elementor-element elementor-element-8dca686 elementor-widget elementor-widget-heading\" data-id=\"8dca686\" data-element_type=\"widget\" data-e-type=\"widget\" data-widget_type=\"heading.default\">\n\t\t\t\t\t<h3 class=\"elementor-heading-title elementor-size-default\">Uusi Seelanti<\/h3>\t\t\t\t<\/div>\n\t\t\t\t<div class=\"elementor-element elementor-element-67bd7f6 elementor-widget elementor-widget-text-editor\" data-id=\"67bd7f6\" data-element_type=\"widget\" data-e-type=\"widget\" data-widget_type=\"text-editor.default\">\n\t\t\t\t\t\t\t\t\t<p>Biogro-sertifikaattinumero: RN 2016-1 : Hyv\u00e4ksytty k\u00e4ytett\u00e4v\u00e4ksi luomutuotannossa tai elintarvikkeiden jalostuksessa ja k\u00e4sittelyss\u00e4 COR-standardien mukaisesti<\/p>\t\t\t\t\t\t\t\t<\/div>\n\t\t\t\t<\/div>\n\t\t\t\t\t<\/div>\n\t\t\t\t<\/div>\n\t\t\t\t<\/div>\n\t\t","protected":false},"excerpt":{"rendered":"<p>EU Tiivistelm\u00e4 EGTOP:sta:Luetellut aineet on hyv\u00e4ksytty luonnonmukaiseen tuotantoon EU:ssa. Ryhm\u00e4n (luonnonmukaista tuotantoa koskevien teknisten neuvojen asiantuntijaryhm\u00e4) lausunnossa vallitsee laaja yksimielisyys siit\u00e4, ett\u00e4 n\u00e4m\u00e4 aineet ovat luonnonmukaisen tuotannon tavoitteiden ja periaatteiden mukaisia. USA T\u00e4m\u00e4 muistio p\u00e4ivitt\u00e4\u00e4 elektrolysoidun veden tilan Yhdysvaltain maatalousministeri\u00f6n (USDA) orgaanisten s\u00e4\u00e4d\u00f6sten mukaisesti 7 CFR Part 205:ss\u00e4. Muistiossa selvennet\u00e4\u00e4n, ett\u00e4 elektrolysoitu vesi on er\u00e4\u00e4nlainen [&hellip;]<\/p>\n","protected":false},"author":1,"featured_media":0,"parent":0,"menu_order":0,"comment_status":"closed","ping_status":"closed","template":"elementor_header_footer","meta":{"footnotes":""},"class_list":["post-164","page","type-page","status-publish","hentry","entry"],"yoast_head":"<!-- This site is optimized with the Yoast SEO plugin v27.5 - https:\/\/yoast.com\/product\/yoast-seo-wordpress\/ -->\n<title>Sertifikaatit - VM 99<\/title>\n<meta name=\"robots\" content=\"index, follow, max-snippet:-1, max-image-preview:large, max-video-preview:-1\" \/>\n<link rel=\"canonical\" href=\"https:\/\/www.vm99.fi\/index.php\/sertifikaatit\/\" \/>\n<meta property=\"og:locale\" content=\"fi_FI\" \/>\n<meta property=\"og:type\" content=\"article\" \/>\n<meta property=\"og:title\" content=\"Sertifikaatit - VM 99\" \/>\n<meta property=\"og:description\" content=\"EU Tiivistelm\u00e4 EGTOP:sta:Luetellut aineet on hyv\u00e4ksytty luonnonmukaiseen tuotantoon EU:ssa. Ryhm\u00e4n (luonnonmukaista tuotantoa koskevien teknisten neuvojen asiantuntijaryhm\u00e4) lausunnossa vallitsee laaja yksimielisyys siit\u00e4, ett\u00e4 n\u00e4m\u00e4 aineet ovat luonnonmukaisen tuotannon tavoitteiden ja periaatteiden mukaisia. USA T\u00e4m\u00e4 muistio p\u00e4ivitt\u00e4\u00e4 elektrolysoidun veden tilan Yhdysvaltain maatalousministeri\u00f6n (USDA) orgaanisten s\u00e4\u00e4d\u00f6sten mukaisesti 7 CFR Part 205:ss\u00e4. Muistiossa selvennet\u00e4\u00e4n, ett\u00e4 elektrolysoitu vesi on er\u00e4\u00e4nlainen [&hellip;]\" \/>\n<meta property=\"og:url\" content=\"https:\/\/www.vm99.fi\/index.php\/sertifikaatit\/\" \/>\n<meta property=\"og:site_name\" content=\"VM 99\" \/>\n<meta property=\"article:modified_time\" content=\"2025-10-08T09:22:23+00:00\" \/>\n<meta property=\"og:image\" content=\"https:\/\/www.vm99.fi\/wp-content\/uploads\/2025\/10\/Logo-1.png\" \/>\n\t<meta property=\"og:image:width\" content=\"549\" \/>\n\t<meta property=\"og:image:height\" content=\"367\" \/>\n\t<meta property=\"og:image:type\" content=\"image\/png\" \/>\n<meta name=\"twitter:card\" content=\"summary_large_image\" \/>\n<meta name=\"twitter:label1\" content=\"Arvioitu lukuaika\" \/>\n\t<meta name=\"twitter:data1\" content=\"1 minuutti\" \/>\n<script type=\"application\/ld+json\" class=\"yoast-schema-graph\">{\"@context\":\"https:\\\/\\\/schema.org\",\"@graph\":[{\"@type\":\"WebPage\",\"@id\":\"https:\\\/\\\/www.vm99.fi\\\/index.php\\\/sertifikaatit\\\/\",\"url\":\"https:\\\/\\\/www.vm99.fi\\\/index.php\\\/sertifikaatit\\\/\",\"name\":\"Sertifikaatit - VM 99\",\"isPartOf\":{\"@id\":\"https:\\\/\\\/www.vm99.fi\\\/#website\"},\"primaryImageOfPage\":{\"@id\":\"https:\\\/\\\/www.vm99.fi\\\/index.php\\\/sertifikaatit\\\/#primaryimage\"},\"image\":{\"@id\":\"https:\\\/\\\/www.vm99.fi\\\/index.php\\\/sertifikaatit\\\/#primaryimage\"},\"thumbnailUrl\":\"https:\\\/\\\/www.vm99.fi\\\/wp-content\\\/uploads\\\/2025\\\/10\\\/Logo-1.png\",\"datePublished\":\"2025-10-08T08:54:49+00:00\",\"dateModified\":\"2025-10-08T09:22:23+00:00\",\"breadcrumb\":{\"@id\":\"https:\\\/\\\/www.vm99.fi\\\/index.php\\\/sertifikaatit\\\/#breadcrumb\"},\"inLanguage\":\"fi\",\"potentialAction\":[{\"@type\":\"ReadAction\",\"target\":[\"https:\\\/\\\/www.vm99.fi\\\/index.php\\\/sertifikaatit\\\/\"]}]},{\"@type\":\"ImageObject\",\"inLanguage\":\"fi\",\"@id\":\"https:\\\/\\\/www.vm99.fi\\\/index.php\\\/sertifikaatit\\\/#primaryimage\",\"url\":\"https:\\\/\\\/www.vm99.fi\\\/wp-content\\\/uploads\\\/2025\\\/10\\\/Logo-1.png\",\"contentUrl\":\"https:\\\/\\\/www.vm99.fi\\\/wp-content\\\/uploads\\\/2025\\\/10\\\/Logo-1.png\",\"width\":549,\"height\":367},{\"@type\":\"BreadcrumbList\",\"@id\":\"https:\\\/\\\/www.vm99.fi\\\/index.php\\\/sertifikaatit\\\/#breadcrumb\",\"itemListElement\":[{\"@type\":\"ListItem\",\"position\":1,\"name\":\"Etusivu\",\"item\":\"https:\\\/\\\/www.vm99.fi\\\/\"},{\"@type\":\"ListItem\",\"position\":2,\"name\":\"Sertifikaatit\"}]},{\"@type\":\"WebSite\",\"@id\":\"https:\\\/\\\/www.vm99.fi\\\/#website\",\"url\":\"https:\\\/\\\/www.vm99.fi\\\/\",\"name\":\"VM 99\",\"description\":\"100% luontoyst&auml;v&auml;llisi&auml; luomutuotteita\",\"potentialAction\":[{\"@type\":\"SearchAction\",\"target\":{\"@type\":\"EntryPoint\",\"urlTemplate\":\"https:\\\/\\\/www.vm99.fi\\\/?s={search_term_string}\"},\"query-input\":{\"@type\":\"PropertyValueSpecification\",\"valueRequired\":true,\"valueName\":\"search_term_string\"}}],\"inLanguage\":\"fi\"}]}<\/script>\n<!-- \/ Yoast SEO plugin. -->","yoast_head_json":{"title":"Sertifikaatit - VM 99","robots":{"index":"index","follow":"follow","max-snippet":"max-snippet:-1","max-image-preview":"max-image-preview:large","max-video-preview":"max-video-preview:-1"},"canonical":"https:\/\/www.vm99.fi\/index.php\/sertifikaatit\/","og_locale":"fi_FI","og_type":"article","og_title":"Sertifikaatit - VM 99","og_description":"EU Tiivistelm\u00e4 EGTOP:sta:Luetellut aineet on hyv\u00e4ksytty luonnonmukaiseen tuotantoon EU:ssa. Ryhm\u00e4n (luonnonmukaista tuotantoa koskevien teknisten neuvojen asiantuntijaryhm\u00e4) lausunnossa vallitsee laaja yksimielisyys siit\u00e4, ett\u00e4 n\u00e4m\u00e4 aineet ovat luonnonmukaisen tuotannon tavoitteiden ja periaatteiden mukaisia. USA T\u00e4m\u00e4 muistio p\u00e4ivitt\u00e4\u00e4 elektrolysoidun veden tilan Yhdysvaltain maatalousministeri\u00f6n (USDA) orgaanisten s\u00e4\u00e4d\u00f6sten mukaisesti 7 CFR Part 205:ss\u00e4. Muistiossa selvennet\u00e4\u00e4n, ett\u00e4 elektrolysoitu vesi on er\u00e4\u00e4nlainen [&hellip;]","og_url":"https:\/\/www.vm99.fi\/index.php\/sertifikaatit\/","og_site_name":"VM 99","article_modified_time":"2025-10-08T09:22:23+00:00","og_image":[{"width":549,"height":367,"url":"https:\/\/www.vm99.fi\/wp-content\/uploads\/2025\/10\/Logo-1.png","type":"image\/png"}],"twitter_card":"summary_large_image","twitter_misc":{"Arvioitu lukuaika":"1 minuutti"},"schema":{"@context":"https:\/\/schema.org","@graph":[{"@type":"WebPage","@id":"https:\/\/www.vm99.fi\/index.php\/sertifikaatit\/","url":"https:\/\/www.vm99.fi\/index.php\/sertifikaatit\/","name":"Sertifikaatit - VM 99","isPartOf":{"@id":"https:\/\/www.vm99.fi\/#website"},"primaryImageOfPage":{"@id":"https:\/\/www.vm99.fi\/index.php\/sertifikaatit\/#primaryimage"},"image":{"@id":"https:\/\/www.vm99.fi\/index.php\/sertifikaatit\/#primaryimage"},"thumbnailUrl":"https:\/\/www.vm99.fi\/wp-content\/uploads\/2025\/10\/Logo-1.png","datePublished":"2025-10-08T08:54:49+00:00","dateModified":"2025-10-08T09:22:23+00:00","breadcrumb":{"@id":"https:\/\/www.vm99.fi\/index.php\/sertifikaatit\/#breadcrumb"},"inLanguage":"fi","potentialAction":[{"@type":"ReadAction","target":["https:\/\/www.vm99.fi\/index.php\/sertifikaatit\/"]}]},{"@type":"ImageObject","inLanguage":"fi","@id":"https:\/\/www.vm99.fi\/index.php\/sertifikaatit\/#primaryimage","url":"https:\/\/www.vm99.fi\/wp-content\/uploads\/2025\/10\/Logo-1.png","contentUrl":"https:\/\/www.vm99.fi\/wp-content\/uploads\/2025\/10\/Logo-1.png","width":549,"height":367},{"@type":"BreadcrumbList","@id":"https:\/\/www.vm99.fi\/index.php\/sertifikaatit\/#breadcrumb","itemListElement":[{"@type":"ListItem","position":1,"name":"Etusivu","item":"https:\/\/www.vm99.fi\/"},{"@type":"ListItem","position":2,"name":"Sertifikaatit"}]},{"@type":"WebSite","@id":"https:\/\/www.vm99.fi\/#website","url":"https:\/\/www.vm99.fi\/","name":"VM 99","description":"100% luontoyst&auml;v&auml;llisi&auml; luomutuotteita","potentialAction":[{"@type":"SearchAction","target":{"@type":"EntryPoint","urlTemplate":"https:\/\/www.vm99.fi\/?s={search_term_string}"},"query-input":{"@type":"PropertyValueSpecification","valueRequired":true,"valueName":"search_term_string"}}],"inLanguage":"fi"}]}},"_links":{"self":[{"href":"https:\/\/www.vm99.fi\/index.php\/wp-json\/wp\/v2\/pages\/164","targetHints":{"allow":["GET"]}}],"collection":[{"href":"https:\/\/www.vm99.fi\/index.php\/wp-json\/wp\/v2\/pages"}],"about":[{"href":"https:\/\/www.vm99.fi\/index.php\/wp-json\/wp\/v2\/types\/page"}],"author":[{"embeddable":true,"href":"https:\/\/www.vm99.fi\/index.php\/wp-json\/wp\/v2\/users\/1"}],"replies":[{"embeddable":true,"href":"https:\/\/www.vm99.fi\/index.php\/wp-json\/wp\/v2\/comments?post=164"}],"version-history":[{"count":7,"href":"https:\/\/www.vm99.fi\/index.php\/wp-json\/wp\/v2\/pages\/164\/revisions"}],"predecessor-version":[{"id":176,"href":"https:\/\/www.vm99.fi\/index.php\/wp-json\/wp\/v2\/pages\/164\/revisions\/176"}],"wp:attachment":[{"href":"https:\/\/www.vm99.fi\/index.php\/wp-json\/wp\/v2\/media?parent=164"}],"curies":[{"name":"wp","href":"https:\/\/api.w.org\/{rel}","templated":true}]}}